. Is r(2) composite?
True
Let h = -17 + 11. Let l = 5 + h. Is ((-7)/(-3))/l*-21 a prime number?
False
Let i = 114 - 91. Is i prime?
True
Let z be (0 - -5)/(-3 - -2). Is (z/(-10))/(1/166) a prime number?
True
Let k(a) = 6*a**3 - 5*a**2 + 14*a - 1. Is k(6) a composite number?
True
Suppose 0 = -3*g + 7*g - 32. Let x(r) = -5*r**2 + 2*r + 11. Let y(j) = 6*j**2 - j - 11. Let m(p) = -3*x(p) - 2*y(p). Is m(g) prime?
True
Let c(y) = y + 121. Suppose 2*o = -3*o - 20, -4*d = -4*o - 16. Is c(d) a prime number?
False
Let m = 0 + 5. Let x(a) = 19*a - 8. Is x(m) a composite number?
True
Let z be (0 - -3) + 3 + -1. Suppose 880 + 205 = z*g. Is g prime?
False
Suppose -8*x + 4*x + 56 = 0. Suppose -5*a = -m - 10, -2*a + m = -5*a + 14. Let y = x - a. Is y composite?
False
Suppose l = -5*k + 391, 2*k = -3*k + 3*l + 407. Is k composite?
False
Let b be (-4)/(-14) + 6/(-21). Let r be 28 + 0 + (b - 0). Is r/2*9/6 a composite number?
True
Let o(t) = -3*t**3 + 3*t**2 + 3*t - 8. Let x be o(-6). Suppose x = 4*w - 2*y, y + 3*y = -4*w + 760. Is w a composite number?
True
Suppose 3*v - 477 - 1896 = 0. Is v a prime number?
False
Let r(o) = 93*o - 17. Is r(6) composite?
False
Let d = -161 - -430. Is d a composite number?
False
Let v be ((-3)/2)/(2/(-4)). Let s be 16/v + (-1)/3. Suppose -s*y + 243 = 4*m, 5*y - 6*m - 270 = -m. Is y prime?
False
Suppose -7*p + 8*p = 149. Is p a prime number?
True
Let j(x) = -x - 8. Let a be j(-4). Let d(t) be the third derivative of -t**6/120 - t**5/20 - t**4/8 - t**3/2 - 2*t**2. Is d(a) composite?
True
Is (1870 - -2 - 3) + -2 a composite number?
False
Let y be (-1)/2 - (-25)/10. Let m(a) = 2*a**3 - 3*a**3 - 4*a**y + a**2 - 26*a**3 + 1. Is m(-2) a prime number?
False
Let b(k) = 2*k**2 - 4*k**2 - 5 + 3 - 2*k + 3*k**2. Let n be b(-3). Suppose 62 = f + n. Is f a composite number?
True
Suppose -3*y + 5*b + 0*b + 790 = 0, 5*y - b = 1324. Let j = y - 134. Is j prime?
True
Let f(y) = -3 - 7*y - 20*y - 2*y. Let l be f(-2). Suppose 3*p + 14 = 4*b + l, 3*p - b - 44 = 0. Is p composite?
True
Let t be 20/6*3/1. Let j = t - -11. Is j a prime number?
False
Suppose -3*v - 38 = -4*v. Suppose -5*x + z = -152, 0 = x - 2*z - 2*z - v. Let g = x + -11. Is g a prime number?
True
Let a(v) = 49*v - 3. Let z be a(2). Let p = z + -28. Is p prime?
True
Let i = 6 + -4. Let d be 2/5 + (-112)/(-20). Is (273/d)/(1/i) prime?
False
Let q be 4/10 + 56/10. Suppose 0 = x + 3*g + q - 2, -3*g = -3*x + 48. Suppose -2*f + f + x = c, -5*c - 3*f = -45. Is c a composite number?
True
Let q be (2 - (-1 - -1))*-2. Let m be 2 + (-2 - q) + 2. Is (2*159/m)/1 a composite number?
False
Let k(y) = 3*y**2 - 2*y + 6. Is k(4) a composite number?
True
Let w = 45 - 31. Suppose -2*u = 3*l - w, -3*l - 37 + 9 = -4*u. Is u a prime number?
True
Let f be 1/1 - 1*-9. Let y = f + 84. Is y composite?
True
Let f be (-2)/(-3) - (-2224)/12. Suppose -2*m + 603 = 5*v + f, -5*v + 405 = 5*m. Is v a composite number?
True
Let x = 974 + -583. Is x prime?
False
Let t(h) = -3*h**2 + 2*h**3 - 5*h - h**2 - 5 + 8*h. Is t(4) composite?
False
Let w be ((-3)/(-4))/((-4)/(-112)). Suppose -5*m - 2*t = -0*t - w, -12 = -m - 3*t. Let q(g) = 3*g**2 + 5*g - 4. Is q(m) prime?
False
Let y(c) = 16*c**2 - 6*c + 1. Is y(-8) a prime number?
False
Suppose -3*r + 8 = -r. Suppose -5*q = -5*s + 75, 5*q + 110 = -r*s + 2*s. Let t = 35 + q. Is t prime?
False
Let p = 120 - 43. Is p composite?
True
Let i = -8 - -195. Is i composite?
True
Is (3/2)/(20/3160) a composite number?
True
Let l(u) = 133*u - 1. Let q(r) = r**3 + 12*r**2 + 10*r - 9. Let d be q(-11). Is l(d) prime?
False
Suppose 0 = -5*h - 5*y, 0 = -4*h - 3*y + 2*y. Suppose h*n - 2*n + 8 = 0. Suppose -3*m = -n*l + l - 168, 2*l + 271 = 5*m. Is m a prime number?
True
Suppose 20 = z + 5*j + 2, 4*z + 3*j = 21. Suppose -z*x + 36 = -597. Is x a prime number?
True
Let h = 281 - -72. Is h prime?
True
Let r be (18/2)/(1/14). Suppose -129 - r = -3*y. Suppose -y - 375 = -4*t. Is t a prime number?
False
Let o(l) = -l**3 - 7*l**2 - 5*l + 7. Let z be o(-6). Is z/(-4)*89*-4 prime?
True
Let q(p) = 215*p**2 - p. Let z be q(1). Let g = -145 + z. Suppose g = 5*j - 6. Is j a prime number?
False
Suppose 5*u = -f + 3260, -1 = -5*f + 24. Suppose -c = 4*z - u, -2*c = -z - 3*c + 162. Is z composite?
False
Let x = 15 + -11. Is x/(-6)*(-171)/6 prime?
True
Suppose 0*z + z - 383 = -2*v, -v + 4*z = -187. Is v prime?
True
Suppose a - 40 = -9*i + 4*i, 0 = 4*i + 2*a - 38. Suppose 2*x = 1 + i. Suppose -x*j - 5*q + 143 = 0, 1 = 2*q + 3. Is j a prime number?
True
Suppose -3*u = -4*g - 639, 0 = 4*u - 3*u - 3*g - 218. Is u prime?
False
Is (-1760)/(-6) - (-3)/(-9) a composite number?
False
Let k be 44 + 0 + 6/(-2). Suppose -2*l = -l - 2, -k = -p + l. Is p composite?
False
Let q = 13 + -9. Let h be (q/(-6))/(3/261). Let o = -36 - h. Is o a composite number?
True
Suppose -28 = -4*g + 24. Suppose 2*h + r - g = 180, 3*h + r = 290. Is h a composite number?
False
Let q be -6*(4/6 + -1). Is (385/(-28))/(q/(-8)) a prime number?
False
Suppose -103 = -5*v + 4*k + 117, 5*k = -2*v + 55. Let c(w) = 2*w + 123. Let b be c(0). Let y = b + v. Is y a prime number?
True
Let m = 378 + 291. Is m a prime number?
False
Suppose -2*v - 9 + 17 = 0. Let y(t) = 6*t - 9. Is y(v) prime?
False
Is 1/(-2)*(-443 + -3) prime?
True
Suppose -u - 4 = 0, -1 = a + 3*u + 8. Let q be 339/(0 - a)*4. Is ((-2)/(-4))/((-2)/q) prime?
True
Let j be -1 - 0 - (-149 - 1). Is (-4)/16 - j/(-4) a prime number?
True
Suppose -3*c + r + 5408 = 0, -c + 989 + 827 = -3*r. Is c a composite number?
False
Let i be 2 + -5 - (-84 + 1). Let h = 291 - i. Is h composite?
False
Suppose 17*b = 15*b + 4908. Is b/4*(-16)/(-24) prime?
True
Let f be -3 + 81 - (-2 + 0). Let a = f - 13. Is a prime?
True
Let p(y) = -12*y**2 + 2*y - 1. Let x be p(5). Let q be -1*2 + (-8 - -1). Is x*((-15)/q - 2) prime?
True
Let n = -343 - -625. Let x = n + -149. Is x a composite number?
True
Let j(w) = -w**3 + w**2 - 3*w + 701. Is j(0) a composite number?
False
Is (-9)/((-90)/955)*(-2)/(-1) a composite number?
False
Let p(v) be the first derivative of -16*v**2 - v + 2. Is p(-4) a composite number?
False
Let o be (-14)/(-49) - (-2)/(-7). Suppose 3*l = 9, o = -3*h + l + 148 + 1178. Is h composite?
False
Let k(x) = 66*x + 7. Is k(11) a composite number?
False
Let v be 8/(-44) - 72/(-33). Suppose 0 = 3*r - v*s + 3*s - 1123, -5*r + 1881 = 4*s. Is r composite?
False
Let j be (-30)/(-8) + 2/8. Is ((-55)/(-4) + 1)*j a prime number?
True
Is ((-996)/18)/((-2)/3) prime?
True
Suppose 3*j = -2*j + 1060. Suppose -2*d - j = -6*d. Is d composite?
False
Is (1/2)/(-2*(-1)/5752) prime?
False
Let c = 2 + 0. Let h be c + -4 + 0 + -2. Let f(n) = -9*n - 1. Is f(h) composite?
True
Suppose -5*i = -2*c + 4, -4*c + 2*i - 4*i = -32. Suppose 3*m = c*m - 508. Is m a composite number?
False
Let s(b) be the third derivative of b**7/1008 - b**6/360 - b**5/30 - b**2. Let c(k) be the third derivative of s(k). Is c(5) a prime number?
True
Suppose -2*y - 237 = -3*t, -73 - 6 = -t - 3*y. Is t a composite number?
False
Let m(x) = -x**3 - 6*x**2 - 8*x + 8. Is m(-7) prime?
True
Suppose 5 = -4*d + 25, 0 = -2*h + 2*d. Suppose -y = -h*y + 12. Let o = 36 + y. Is o composite?
True
Let z be 129/27 + 2/9. Suppose z*c - 12 - 3 = 0. Suppose u - 4*f = c*u - 24, 2*f + 38 = 4*u. Is u composite?
True
Let j = 172 + -346. Let z = j + 301. Is z a composite number?
False
Suppose -125 = 3*d + a - 322, 2*a - 264 = -4*d. Is d a composite number?
True
Let u(a) = -a + 0 - 4 - 6. Let h be u(-7). Let q(w) = w**3 + 3*w**2 - 4*w - 3. Is q(h) a prime number?
False
Suppose 0 = -3*s - s + 452. Is s composite?
False
Suppose 4 = -0*a + a, a = -5*u + 19484. Is ((-4)/(-8))/(4/u) prime?
True
Suppose -i + 2*r + 10 = 0, -8*r = i - 4*r + 2. Suppose 3*h = i + 6. Suppose -h*q = s - 88, -s + 26 - 76 = -2*q. Is q prime?
True
Let i = -581 - -927. Is i prime?
False
Let w(l) = 0*l - 9 - l - 1 + l**2. Let d be w(0). Is (-173)/(-5) - 4/d prime?
False
Suppose -15 = 2*x - 5. Let n be -4*((-2565)/(-12))/x. Suppose -2*a - n = -5*a. Is a a composite number?
True
Let c be 3 + -3 + -6289 - 2. Is c/(-15) + (-4)/10 composite?
False
Let x(a) = -a**3 + 14*a**2 + 6*a - 14. Is x(11) composite?
True
Let o(l) = l**3 - 3*l**2 - l + 2. Suppose f = 2*k - 15, 0 = 2*k - 8*f + 3*f - 35. Let y be o(k). Let g = -26 + y. Is g a pr